{"id":15,"date":"2020-09-02T07:22:59","date_gmt":"2020-09-02T07:22:59","guid":{"rendered":"https:\/\/www.bertsch.me\/bnb\/?page_id=15"},"modified":"2026-02-08T12:34:28","modified_gmt":"2026-02-08T12:34:28","slug":"startseite","status":"publish","type":"page","link":"https:\/\/www.bertsch.me\/bnb\/","title":{"rendered":"Dein perfektes Apartment in Walenstadt: Apartment Bertsch"},"content":{"rendered":"\n<p>Willkommen auf der Website vom Apartment Bertsch in Walenstadt! Bilder zum Apartment in Walenstadt findest Du auf der <a href=\"https:\/\/airbnb.com\/h\/walenstadt\" target=\"_blank\" rel=\"noreferrer noopener\">AirBnB Seite<\/a> von mir.<\/p>\n\n\n\n<p>Es erwartet Dich eine modern eingerichtete Wohnung und mit vielen Details.<\/p>\n\n\n\n<p>Das Schlafzimmer hat ein 180x210cm grosses Doppelbett sowie eine freistehende Badewanne.<\/p>\n\n\n\n<p>Walenstadt und Region bietet dir viele M\u00f6glichkeiten. Der See und die Berge sind Ideal f\u00fcr verschiedene Aktivit\u00e4ten wie wandern, biken, schwimmen, joggen, Skifahren, usw.<\/p>\n","protected":false},"excerpt":{"rendered":"<p>Willkommen auf der Website vom Apartment Bertsch in Walenstadt! Bilder zum Apartment in Walenstadt findest Du auf der AirBnB Seite von mir. Es erwartet Dich eine modern eingerichtete Wohnung und mit vielen Details. Das Schlafzimmer hat ein 180x210cm grosses Doppelbett sowie eine freistehende Badewanne. Walenstadt und Region bietet dir viele M\u00f6glichkeiten. Der See und die &hellip; <\/p>\n<p class=\"link-more\"><a href=\"https:\/\/www.bertsch.me\/bnb\/\" class=\"more-link\"><span class=\"screen-reader-text\">\u201eDein perfektes Apartment in Walenstadt: Apartment Bertsch\u201c <\/span>weiterlesen<\/a><\/p>\n","protected":false},"author":1,"featured_media":48,"parent":0,"menu_order":0,"comment_status":"closed","ping_status":"closed","template":"","meta":{"footnotes":""},"class_list":["post-15","page","type-page","status-publish","has-post-thumbnail","hentry"],"yoast_head":"<!-- This site is optimized with the Yoast SEO plugin v27.0 - https:\/\/yoast.com\/product\/yoast-seo-wordpress\/ -->\n<title>Dein perfektes Apartment in Walenstadt: Apartment Bertsch - Apartment Bertsch<\/title>\n<meta name=\"description\" content=\"Ihre Ferienoase in Walenstadt das Apartment Bertsch. Ein modernes Apartment das Ideal ist zum Entspannen und Relaxen.\" \/>\n<meta name=\"robots\" content=\"index, follow, max-snippet:-1, max-image-preview:large, max-video-preview:-1\" \/>\n<link rel=\"canonical\" href=\"https:\/\/www.bertsch.me\/bnb\/\" \/>\n<meta property=\"og:locale\" content=\"de_DE\" \/>\n<meta property=\"og:type\" content=\"article\" \/>\n<meta property=\"og:title\" content=\"Dein perfektes Apartment in Walenstadt: Apartment Bertsch - Apartment Bertsch\" \/>\n<meta property=\"og:description\" content=\"Ihre Ferienoase in Walenstadt das Apartment Bertsch. Ein modernes Apartment das Ideal ist zum Entspannen und Relaxen.\" \/>\n<meta property=\"og:url\" content=\"https:\/\/www.bertsch.me\/bnb\/\" \/>\n<meta property=\"og:site_name\" content=\"Apartment Bertsch\" \/>\n<meta property=\"article:modified_time\" content=\"2026-02-08T12:34:28+00:00\" \/>\n<meta property=\"og:image\" content=\"https:\/\/www.bertsch.me\/bnb\/wp-content\/uploads\/2020\/12\/Bild_Bad-scaled.jpg\" \/>\n\t<meta property=\"og:image:width\" content=\"2560\" \/>\n\t<meta property=\"og:image:height\" content=\"1426\" \/>\n\t<meta property=\"og:image:type\" content=\"image\/jpeg\" \/>\n<meta name=\"twitter:card\" content=\"summary_large_image\" \/>\n<meta name=\"twitter:label1\" content=\"Gesch\u00e4tzte Lesezeit\" \/>\n\t<meta name=\"twitter:data1\" content=\"1\u00a0Minute\" \/>\n<script type=\"application\/ld+json\" class=\"yoast-schema-graph\">{\"@context\":\"https:\/\/schema.org\",\"@graph\":[{\"@type\":\"WebPage\",\"@id\":\"https:\/\/www.bertsch.me\/bnb\/\",\"url\":\"https:\/\/www.bertsch.me\/bnb\/\",\"name\":\"Dein perfektes Apartment in Walenstadt: Apartment Bertsch - Apartment Bertsch\",\"isPartOf\":{\"@id\":\"https:\/\/www.bertsch.me\/bnb\/#website\"},\"primaryImageOfPage\":{\"@id\":\"https:\/\/www.bertsch.me\/bnb\/#primaryimage\"},\"image\":{\"@id\":\"https:\/\/www.bertsch.me\/bnb\/#primaryimage\"},\"thumbnailUrl\":\"https:\/\/www.bertsch.me\/bnb\/wp-content\/uploads\/2020\/12\/Bild_Bad-scaled.jpg\",\"datePublished\":\"2020-09-02T07:22:59+00:00\",\"dateModified\":\"2026-02-08T12:34:28+00:00\",\"description\":\"Ihre Ferienoase in Walenstadt das Apartment Bertsch. Ein modernes Apartment das Ideal ist zum Entspannen und Relaxen.\",\"breadcrumb\":{\"@id\":\"https:\/\/www.bertsch.me\/bnb\/#breadcrumb\"},\"inLanguage\":\"de\",\"potentialAction\":[{\"@type\":\"ReadAction\",\"target\":[\"https:\/\/www.bertsch.me\/bnb\/\"]}]},{\"@type\":\"ImageObject\",\"inLanguage\":\"de\",\"@id\":\"https:\/\/www.bertsch.me\/bnb\/#primaryimage\",\"url\":\"https:\/\/www.bertsch.me\/bnb\/wp-content\/uploads\/2020\/12\/Bild_Bad-scaled.jpg\",\"contentUrl\":\"https:\/\/www.bertsch.me\/bnb\/wp-content\/uploads\/2020\/12\/Bild_Bad-scaled.jpg\",\"width\":2560,\"height\":1426,\"caption\":\"Badewanne\"},{\"@type\":\"BreadcrumbList\",\"@id\":\"https:\/\/www.bertsch.me\/bnb\/#breadcrumb\",\"itemListElement\":[{\"@type\":\"ListItem\",\"position\":1,\"name\":\"Home\",\"item\":\"https:\/\/www.bertsch.me\/bnb\/\"},{\"@type\":\"ListItem\",\"position\":2,\"name\":\"Dein perfektes Apartment in Walenstadt: Apartment Bertsch\"}]},{\"@type\":\"WebSite\",\"@id\":\"https:\/\/www.bertsch.me\/bnb\/#website\",\"url\":\"https:\/\/www.bertsch.me\/bnb\/\",\"name\":\"Apartment Bertsch\",\"description\":\"Deine Ferienoase am Walensee\",\"potentialAction\":[{\"@type\":\"SearchAction\",\"target\":{\"@type\":\"EntryPoint\",\"urlTemplate\":\"https:\/\/www.bertsch.me\/bnb\/?s={search_term_string}\"},\"query-input\":{\"@type\":\"PropertyValueSpecification\",\"valueRequired\":true,\"valueName\":\"search_term_string\"}}],\"inLanguage\":\"de\"}]}<\/script>\n<!-- \/ Yoast SEO plugin. -->","yoast_head_json":{"title":"Dein perfektes Apartment in Walenstadt: Apartment Bertsch - Apartment Bertsch","description":"Ihre Ferienoase in Walenstadt das Apartment Bertsch. Ein modernes Apartment das Ideal ist zum Entspannen und Relaxen.","robots":{"index":"index","follow":"follow","max-snippet":"max-snippet:-1","max-image-preview":"max-image-preview:large","max-video-preview":"max-video-preview:-1"},"canonical":"https:\/\/www.bertsch.me\/bnb\/","og_locale":"de_DE","og_type":"article","og_title":"Dein perfektes Apartment in Walenstadt: Apartment Bertsch - Apartment Bertsch","og_description":"Ihre Ferienoase in Walenstadt das Apartment Bertsch. Ein modernes Apartment das Ideal ist zum Entspannen und Relaxen.","og_url":"https:\/\/www.bertsch.me\/bnb\/","og_site_name":"Apartment Bertsch","article_modified_time":"2026-02-08T12:34:28+00:00","og_image":[{"width":2560,"height":1426,"url":"https:\/\/www.bertsch.me\/bnb\/wp-content\/uploads\/2020\/12\/Bild_Bad-scaled.jpg","type":"image\/jpeg"}],"twitter_card":"summary_large_image","twitter_misc":{"Gesch\u00e4tzte Lesezeit":"1\u00a0Minute"},"schema":{"@context":"https:\/\/schema.org","@graph":[{"@type":"WebPage","@id":"https:\/\/www.bertsch.me\/bnb\/","url":"https:\/\/www.bertsch.me\/bnb\/","name":"Dein perfektes Apartment in Walenstadt: Apartment Bertsch - Apartment Bertsch","isPartOf":{"@id":"https:\/\/www.bertsch.me\/bnb\/#website"},"primaryImageOfPage":{"@id":"https:\/\/www.bertsch.me\/bnb\/#primaryimage"},"image":{"@id":"https:\/\/www.bertsch.me\/bnb\/#primaryimage"},"thumbnailUrl":"https:\/\/www.bertsch.me\/bnb\/wp-content\/uploads\/2020\/12\/Bild_Bad-scaled.jpg","datePublished":"2020-09-02T07:22:59+00:00","dateModified":"2026-02-08T12:34:28+00:00","description":"Ihre Ferienoase in Walenstadt das Apartment Bertsch. Ein modernes Apartment das Ideal ist zum Entspannen und Relaxen.","breadcrumb":{"@id":"https:\/\/www.bertsch.me\/bnb\/#breadcrumb"},"inLanguage":"de","potentialAction":[{"@type":"ReadAction","target":["https:\/\/www.bertsch.me\/bnb\/"]}]},{"@type":"ImageObject","inLanguage":"de","@id":"https:\/\/www.bertsch.me\/bnb\/#primaryimage","url":"https:\/\/www.bertsch.me\/bnb\/wp-content\/uploads\/2020\/12\/Bild_Bad-scaled.jpg","contentUrl":"https:\/\/www.bertsch.me\/bnb\/wp-content\/uploads\/2020\/12\/Bild_Bad-scaled.jpg","width":2560,"height":1426,"caption":"Badewanne"},{"@type":"BreadcrumbList","@id":"https:\/\/www.bertsch.me\/bnb\/#breadcrumb","itemListElement":[{"@type":"ListItem","position":1,"name":"Home","item":"https:\/\/www.bertsch.me\/bnb\/"},{"@type":"ListItem","position":2,"name":"Dein perfektes Apartment in Walenstadt: Apartment Bertsch"}]},{"@type":"WebSite","@id":"https:\/\/www.bertsch.me\/bnb\/#website","url":"https:\/\/www.bertsch.me\/bnb\/","name":"Apartment Bertsch","description":"Deine Ferienoase am Walensee","potentialAction":[{"@type":"SearchAction","target":{"@type":"EntryPoint","urlTemplate":"https:\/\/www.bertsch.me\/bnb\/?s={search_term_string}"},"query-input":{"@type":"PropertyValueSpecification","valueRequired":true,"valueName":"search_term_string"}}],"inLanguage":"de"}]}},"jetpack_sharing_enabled":true,"_links":{"self":[{"href":"https:\/\/www.bertsch.me\/bnb\/index.php\/wp-json\/wp\/v2\/pages\/15","targetHints":{"allow":["GET"]}}],"collection":[{"href":"https:\/\/www.bertsch.me\/bnb\/index.php\/wp-json\/wp\/v2\/pages"}],"about":[{"href":"https:\/\/www.bertsch.me\/bnb\/index.php\/wp-json\/wp\/v2\/types\/page"}],"author":[{"embeddable":true,"href":"https:\/\/www.bertsch.me\/bnb\/index.php\/wp-json\/wp\/v2\/users\/1"}],"replies":[{"embeddable":true,"href":"https:\/\/www.bertsch.me\/bnb\/index.php\/wp-json\/wp\/v2\/comments?post=15"}],"version-history":[{"count":4,"href":"https:\/\/www.bertsch.me\/bnb\/index.php\/wp-json\/wp\/v2\/pages\/15\/revisions"}],"predecessor-version":[{"id":57,"href":"https:\/\/www.bertsch.me\/bnb\/index.php\/wp-json\/wp\/v2\/pages\/15\/revisions\/57"}],"wp:featuredmedia":[{"embeddable":true,"href":"https:\/\/www.bertsch.me\/bnb\/index.php\/wp-json\/wp\/v2\/media\/48"}],"wp:attachment":[{"href":"https:\/\/www.bertsch.me\/bnb\/index.php\/wp-json\/wp\/v2\/media?parent=15"}],"curies":[{"name":"wp","href":"https:\/\/api.w.org\/{rel}","templated":true}]}}